*o - 6 = 6, q = 4*u - 4*o. Suppose -4*s + 5 + u = 0. What is the units digit of s?
2
What is the tens digit of (-1 + -4)*28/(-5)?
2
Let i = 53 - 22. What is the tens digit of i?
3
Suppose 10*z = -2*p + 5*z + 19, -3*z + 9 = p. Let j = 24 - p. What is the units digit of j?
2
Let v = 140 - 86. What is the units digit of v?
4
Let v(k) = -2*k + 26. What is the tens digit of v(-20)?
6
Suppose 12 + 4 = 2*p - 3*y, 0 = 3*p + 5*y + 14. Suppose 14 = 2*q - p. What is the units digit of q?
8
What is the hundreds digit of (-2493)/(-21) - (-10)/35?
1
Let a be (-4)/18 + (-10)/(-45). Suppose -3*q + u + 32 = 0, a = 6*u - 3*u - 3. What is the tens digit of q?
1
Suppose 5*j - 25 = 0, 2*b - 6*b + 2*j + 458 = 0. What is the tens digit of b?
1
Let h = 5 - 6. Let t(l) = -26*l - 2. What is the tens digit of t(h)?
2
Let y(p) be the second derivative of -p**5/20 + 2*p**4/3 + 5*p**3/3 - 2*p**2 + p. Suppose 9 = n - 3*g, -5*n + 4*g - 12 = -57. What is the units digit of y(n)?
5
Suppose -6 = 3*y - 5*y. What is the units digit of 3*(-2 - -6 - y)?
3
Let b(q) = 3*q**2 + 2*q - 12. What is the units digit of b(3)?
1
Let o(b) be the second derivative of -b**3 - 2/3*b**4 + 0 - 13/2*b**2 + 2*b + 1/20*b**5. What is the units digit of o(9)?
4
Let o(y) = y**2 + 11*y - 8. What is the tens digit of o(-14)?
3
Let y(w) = -150*w - 3. What is the hundreds digit of y(-1)?
1
Suppose -3*j = 4*i - 84, j + 2*i = i + 28. Let l(g) = -g**3 + 8*g**2 - 8*g - 5. Let w be l(6). Let h = j - w. What is the units digit of h?
9
Let c = 18 + -12. Let k be ((-3)/c*0)/1. Suppose j + 5 = o - k*j, 3*o = j + 17. What is the units digit of o?
6
Suppose 5*l - 5 - 10 = 0. Suppose 0 = -5*g, l*g - 2*g - 12 = -3*y. Suppose -y*q + 8*q = -2*c - 10, 3*c = 2*q + 17. What is the units digit of c?
3
What is the tens digit of 40368/104 + 6/(-39)?
8
Suppose 2*q = 5*m - 326, m - 3*q - 30 = 30. What is the tens digit of m?
6
Suppose -13*p = -15*p + 82. What is the units digit of p?
1
Suppose 33 = 3*f + 5*k, -3*f = 2*f + 4*k - 55. What is the tens digit of f?
1
Let q be (-2)/((-3)/(-2) + -2). Suppose 6 = -d + q*d. Suppose d*c + 3*s + 3 - 6 = 0, -s = 5. What is the units digit of c?
9
Let j(n) = 6*n + 15 + 8 - 11*n + 4*n. What is the tens digit of j(12)?
1
Suppose -5*l = 3*b - 17, 2*b + 3*l + 9 = 22. Let h = b - 5. What is the units digit of h?
9
Let n(c) be the third derivative of c**6/120 - c**5/20 - c**4/4 - 6*c**2. What is the units digit of n(5)?
0
Let a = 73 - 18. What is the units digit of a?
5
Suppose -5*l + 13 + 7 = 0. Suppose -3*n - 2*t + 37 = 0, 3*t - 33 = -l*n + n. Suppose -n = 5*w, v + 0*v - 16 = 2*w. What is the tens digit of v?
1
Let r(n) = n + 1. Let y be r(-1). Suppose -2*i - i + 6 = y. What is the units digit of i?
2
Let k = 6 - 7. What is the tens digit of k + -3 + 48 + -3?
4
Let f = 6 - 5. Let r be -1*4*(f - -1). Let c(m) = -m**3 - 7*m**2 + 6*m - 7. What is the units digit of c(r)?
9
Suppose 5*y - 3*k = -2, -2*y = -3*y - 4*k + 18. Suppose 0 = x, 0 = -2*f + y*x - 4*x + 6. What is the units digit of (6 - 0)/(f/2)?
4
Let c(h) = -2*h + 3*h**2 - 2 + 1 + 2*h. Let r be c(1). Suppose r*i - 7*i = -90. What is the units digit of i?
8
Suppose -7 - 14 = t. Let b = 43 + t. What is the units digit of b?
2
Suppose 0 = 6*z - 2*z + n - 131, 82 = 3*z + 4*n. What is the units digit of z?
4
Let f = -22 - -36. What is the tens digit of f?
1
Let p be (-12 + 3)*(3 - 2). Let j be (p/2)/((-6)/8). Suppose 2*q = j + 2. What is the units digit of q?
4
Let y(i) be the first derivative of 2*i**3/3 + 2*i**2 - 5*i - 1. What is the tens digit of y(-6)?
4
Let w be (-1)/1 + 2 - 2. Let q(j) = -6*j - 1 + j + 0. What is the units digit of q(w)?
4
Let w be 4 + 1*(0 + -2). Suppose -4*z - w = -6*z. What is the units digit of z?
1
Let r be (1 - 1 - -3) + -5. What is the units digit of (-6)/r*(-20)/(-6)?
0
Let g(i) = 7*i + 2. Let a be g(-3). Let q = a + 35. What is the tens digit of q?
1
Suppose 0*w - 5*m = w - 65, -4*m = -8. What is the tens digit of w?
5
Let d(u) = u**3 - 2*u - 2. Let p be d(-2). Let x be (-18)/p - (-1 + -1). Suppose 3*h = 7*h - x*t - 25, -2*t = 4*h - 46. What is the tens digit of h?
1
Let l(n) = -10*n**2 + 9*n**2 - 2*n**3 - 17*n**3. What is the tens digit of l(-1)?
1
Suppose -k = -5*m - 3*k + 20, -5*m + k = -20. What is the units digit of m/(-30) - 85/(-75)?
1
Let b(t) be the first derivative of 6*t**2 - 2*t - 2. What is the units digit of b(2)?
2
Let s = -12 - -30. Let g = -9 + s. What is the units digit of g?
9
Let p be (-1)/(-1 + 5 - 3). Let w be 2 + (-3 - 0 - p). Suppose w*m = m - 11. What is the units digit of m?
1
Suppose 3 = -3*y + 2*v - 1, 2*y + 4*v = 24. Suppose -y*g + 1 = -3. Suppose 3*x + g*x = 45. What is the units digit of x?
9
Let j be ((-16)/(-12))/(2/3). Suppose 2*m = -4*b + 6, -j*m + 1 + 6 = 3*b. Suppose -i + m + 6 = 3*o, -4*i - 1 = -3*o. What is the units digit of o?
3
Suppose 3*d - 5*d = -8, -2*h + 20 = 4*d. What is the units digit of (h/(-1))/(8/(-28))?
7
What is the units digit of (-30)/(-6) - 3 - (-212 + -1)?
5
Suppose 13*w = -0*w + 3601. What is the tens digit of w?
7
Suppose -3*v + 45 = 4*m, 2*m - v - 4*v - 29 = 0. Suppose -3*c - 1 + 7 = 0. Suppose -5*d - c + m = 0. What is the units digit of d?
2
Let k = -2 - 1. Let j = 23 + k. Suppose 5*u + 3 = 2*f, 4*u + f - j = -3*f. What is the units digit of u?
1
Let x = 16 - 24. Let d be (2 - (-15)/(-2))*2. Let h = x - d. What is the units digit of h?
3
Suppose 2*v = h + 4*v - 59, 2*h - 117 = -3*v. What is the units digit of h?
7
Suppose -112 = -5*j + 303. What is the tens digit of j?
8
Suppose 0*w - w = 2. Let v be w/(1 - 2) - 6. Let p = v - -6. What is the units digit of p?
2
What is the units digit of (-56)/(256/44 - 6)?
8
Suppose -26 = -4*p - 2. What is the units digit of 6/p + (-2 - -25)?
4
Suppose -3*k = 2*k + 3*w - 55, -41 = -2*k - 5*w. Suppose 3*r - k - 1 = 0. Let s = r - -2. What is the units digit of s?
5
Suppose 6*n - 2373 = -633. What is the tens digit of n?
9
Let w(s) = -3*s**3 - 2*s**2 + s + 1. Let n be w(-2). Suppose -77 = -5*u - 5*a + 3, -n = -5*a. What is the tens digit of u?
1
What is the tens digit of (-10 + 4)/((-8)/20)?
1
Suppose -3*o = p - 0*p - 14, 3*p = 4*o - 36. Let i(v) = -v**3 + 7*v**2 - 5*v - 3. Let y be i(o). What is the units digit of -3 - ((-14 - -3) + y)?
5
Suppose 50 = 5*x + 140. Let m = x - -50. What is the units digit of m?
2
Suppose 4*v - o + 25 = -v, 4*v = 3*o - 20. Let j(r) = -r**3 - 5*r**2 + r - 1. Let p be j(v). What is the units digit of (4/p)/(8/(-156))?
3
Let g(h) = 14*h**2 + 12*h - 40. What is the hundreds digit of g(3)?
1
Let s(u) be the second derivative of u**5/20 + u**4/3 - 7*u**3/6 - 3*u**2 + u. Suppose -4*a - 8 = 12. What is the units digit of s(a)?
4
Suppose -2*k = 5*b - 4*k - 292, 3*b + 4*k = 170. Suppose 2*m - b = 2*z, 33 = 2*m - 2*z + 5*z. What is the units digit of m?
4
Suppose 23 = 4*d - 5*s, -4*s = -2*d + s + 19. Suppose 0*l + 80 = d*l. What is the units digit of l?
0
Let o(m) = -m**3 - 6*m**2 + 10*m + 8. What is the units digit of o(-8)?
6
Let z(c) = 2*c**2 - 9*c + 2. What is the units digit of z(6)?
0
Let b be 5 - (-3 + 1) - -1. Suppose -b = -4*k, t - 3 - 9 = -2*k. What is the units digit of t?
8
Let s be 3 - 2 - (-3 - -1). What is the units digit of 18 + -6 + 9/s?
5
Let s(r) = r**2 - 9*r + 18. Let i be s(12). Suppose 4*d - 2*d = i. What is the units digit of d?
7
Let s = -4 - -7. Let u = 0 + s. What is the units digit of u?
3
Suppose -139 = -5*h - 3*v, 2*h - h - v = 31. Suppose h = m + 7. What is the units digit of m?
2
Suppose 0 = 3*r - 0*r. Suppose 0 = -4*v + 12, -2*o + r*o = 4*v - 80. What is the units digit of o?
4
Suppose 45 = -5*g - 25. What is the tens digit of 4/g - 700/(-49)?
1
Let n be -2*21/(-6) - 1. Suppose -4*x = q + 11, -2*q - x + 4 = -n*x. Let m(y) = -7*y - 1. What is the units digit of m(q)?
0
Let z(h) = h - 2. Let r be z(4). Let w = r - 2. Suppose 30 = -w*u + 5*u. What is the units digit of u?
6
Let w = 12 + -10. Suppose -81 = -w*d - 11. What is the tens digit of d?
3
Let u be 8 + -3 + (-2 - 1). What is the units digit of u/6 + 6/9?
1
Let a = -2 - 6. Let k be (1/2)/((-4)/a). What is the tens digit of k/((-1)/(-19)) - 2?
1
Let p be (0 - -2)/1 - -2. Let w = 1 - p. What is the units digit of (1 + (-26)/6)*w?
0
Suppose 2*u + 31 = 5*b, 3*u + 2*b - 6*b = -29. Let g(c) be the first derivative of